4 - 5 - (1 + 14).
-10
8 - (-4 - -1 - (-8 + -3))
0
33 - 24 - (2 - (2 + -4))
5
Evaluate -9 + (-8 - -1 - -13).
-3
What is -5 + -1 - (-16 + 6 + -2)?
6
Evaluate -12 + 5 + 2 + 8.
3
What is the value of -2 - (-7 - 2) - 1?
6
Evaluate 2 - (-2 + -1 + 3 + 6).
-4
What is 2 + -1 + (1 - 1)?
1
What is (-1 + -3 + 3 - -5) + -5?
-1
(-2 + 5 - 4 - 1) + 5
3
-2 - 3 - 0 - -2
-3
-17 - -29 - (-2 + 7)
7
Evaluate -3 - (-5 + 4 - -6 - 7).
-1
What is (-6 - (7 + 1)) + 4?
-10
-8 - (-8 + -9 + 7)
2
-2 - (-5 + 8 - 1)
-4
What is the value of 21 + -19 + (1 - (-1 - 0))?
4
Evaluate -14 + (19 - (-5 + 13)).
-3
What is the value of -1 + -7 - -4 - 0?
-4
What is (-24 - (5 + -16)) + 15?
2
What is the value of (1 - 10) + 10 + -3 + -5?
-7
What is the value of -30 - -27 - (5 - (-2 - -4))?
-6
Calculate 2 - (-2 - 1 - -2 - -3).
0
-1 + -1 - (-2 - (-2 + 0))
-2
Evaluate (1 - 0 - (-10 - -6)) + -1.
4
What is 3 + -10 + 2 + -10 + 17?
2
Calculate (1 + -6 - -1) + -82 + 92.
6
-3 + (0 - -6) + 2
5
What is the value of -2 - -10 - ((4 - 14) + 18)?
0
Evaluate (11 - (15 + (-4 - 3))) + -4.
-1
2 + 0 + (3 - 0 - 3)
2
What is -4 + 9 + -1 + -5?
-1
(44 - 42) + (0 - -1)
3
Calculate 0 - -1 - (7 + -11).
5
-17 + 14 + 10 + -13
-6
What is -4 + 11 + (-1 - -2)?
8
What is -7 + (10 - 6) + -3 - -11?
5
What is 17 + -5 + -13 - -5?
4
What is 7 - (0 + 4 + 51 + -58)?
10
What is the value of -4 + 1 + 2 + (-6 - 1)?
-8
What is 2 + 3 + -8 + 4?
1
What is -93 + 92 - (1 + -7 + 2)?
3
What is -1 - (-4 + 7 + -2 + 4)?
-6
Calculate (1 - (11 + -5)) + (-1 - -10).
4
What is -17 + (5 - (-1 - 3))?
-8
What is the value of -2 - -1 - (-1 - -3)?
-3
Evaluate 9 + -10 + -5 + (3 - 1).
-4
Evaluate -1 + -11 + (11 - -10).
9
Evaluate 0 + -6 + (-12 - -26 - 0).
8
-5 - -1 - -2 - (-13 - -9)
2
-8 + (16 - 5) + 0
3
What is the value of (1 - (-6 - -9)) + 5?
3
Calculate 2 + 2 + -2 + 14 + -17.
-1
Evaluate (-1 - -4) + (-6 - (-7 + 2)).
2
What is -21 + 22 + -2 + -1 + 9?
7
Calculate -3 - 11 - ((-1 - 4) + -4).
-5
Calculate -13 + 1 + 2 + 2.
-8
Evaluate -4 + 0 + 2 - (7 + -9).
0
What is the value of (4 + (-1 - 1) - 6) + 1?
-3
Evaluate -6 + 3 + 3 - (0 - 2).
2
Evaluate (-4 - (1 - 2)) + 4.
1
Evaluate -1 + -3 + 0 - (149 - 147).
-6
Calculate (-11 - -23) + (5 - 12).
5
What is the value of -7 + 3 + (3 - 5) - 0?
-6
What is -3 + -2 - (-2 - 0)?
-3
What is 6 + -2 + (1 - 0)?
5
What is the value of 1 - (1 + 3 + 1 + -2)?
-2
What is the value of (-1 - -5) + (1 - (4 - 2))?
3
Evaluate 3 + (7 + -7 - (-4 - -3)).
4
3 - (3 + 2) - 0
-2
What is (5 - 22) + 27 - (9 + -1)?
2
1 - (-6 + 2 + 1)
4
Evaluate -6 + 12 - (-2 - -4).
4
10 + -6 + (-3 - 0) - 2
-1
What is (-2 - -3 - 1) + 8 + -7?
1
(0 - -3 - (10 - 12)) + 3
8
What is the value of (4 - (-5 - -8)) + -3?
-2
4 + (-9 - -5) + 2 - 4
-2
Calculate 5 + -9 + 4 + (0 - 1).
-1
Evaluate (-10 - -12 - 2) + (-3 - -1).
-2
Evaluate -6 + -1 + 15 + -6.
2
What is the value of 1 + (-4 - (-7 + -1))?
5
What is 6 - (1 + 0) - 8?
-3
What is the value of -3 + 7 + (5 - 8 - -1)?
2
Evaluate (-1 - 4) + 11 - (7 - 4).
3
Calculate (-1 - (-4 + 1)) + 3.
5
(3 - 4) + 3 + -3
-1
What is (-11 - (-9 - -4)) + (1 - -8)?
3
Calculate -1 + 9 + -3 - 7.
-2
Evaluate 1 + -1 + 8 + -11 + 0.
-3
1 - 1 - -1 - 3
-2
Calculate (-40 - -39) + (2 - 0 - 1).
0
Calculate -6 + -5 + 18 - 12.
-5
What is 7 + -5 - -8 - 9?
1
Calculate 2 + -3 + (3 - 1) - 6.
-5
Evaluate 10 + -9 - (3 + (-1 - -4)).
-5
What is the value of -2 + (-2 - (3 + (3 - 5)))?
-5
-2 + -4 + 2 + -4 + 7
-1
What is -3 + 4 + -1 + 3 + 0?
3
Calculate -9 + (-4 - -4 - -5).
-4
What is the value of (-5 - (9 - 5)) + 12?
3
What is the value of 2 + (2 + 1 - 4) + 2?
3
What is the value of -7 + (4 + 1 + -10 - -9)?
-3
What is (5 + -6 - 7) + 10?
2
(-6 - (-3 - 2)) + 0
-1
Evaluate 5 - (0 + 6) - 3.
-4
What is 3 + 0 + -6 + 6 + 2?
5
-4 - -5 - -6 - (-1 - -2)
6
What is -4 + (4 - -4) + (1 - 5)?
0
What is the value of -1 - (-4 - (0 - 0 - 2))?
1
What is the value of -2 + 3 + 5 + -2?
4
What is -180 + 181 + (1 - 3 - -1)?
0
Calculate (-2 - -5) + -3 + 0.
0
What is 0 + -4 + -1 + 0?
-5
Evaluate -8 - (1 - (2 - (-9 + 4))).
-2
Evaluate 7 + (-5 - (-2 - -4)).
0
What is the value of (6 - 1) + -3 - (0 - 0)?
2
Evaluate 6 + -1 + -89 + 74.
-10
Calculate 9 - ((0 - 0) + 5).
4
(-1 + (-2 - -1) - -4) + 1
3
Calculate -2 + 1 + -6 + -12 + 17.
-2
What is the value of -2 - -2 - (3 - 3 - 6)?
6
Evaluate (-2 - -1) + (3 - 0) - 9.
-7
Calculate (7 - (-7 + 4 + 5)) + -8.
-3
Evaluate -1 - ((-1 - -5) + -22 + 17).
0
What is 12 + (-3 - -9 - 15)?
3
What is the value of -12 - ((15 - 9) + -13)?
-5
What is the value of (-3 - 7 - -12) + 2?
4
2 + (-5 - 1) + (1 - 4)
-7
Calculate 15 + -8 + -5 + -7 + -4.
-9
3 + (-8 - -6) + 0 - -1
2
Calculate -2 + 1 - (-5 + 0 + -2).
6
Calculate 8 + -7 + (-7 - -1) - -1.
-4
Evaluate 2 + 2 + -2 + -2 + 5.
5
What is 1 - (3 + 0) - (-33 - -26)?
5
What is the value of (-5 - 0) + -8 + 13?
0
What is -19 + 17 + 1 + -4 - -1?
-4
What is the value of -3 + 1 + (-11 - (-17 + 4))?
0
What is 7 - (6 + -6 + 2 + -5)?
10
Evaluate (5 - 3) + (3 - 4).
1
10 + -9 + 6 + -12
-5
What is (0 - -5) + (-1 - (-1 + 1))?
4
Calculate 13 + (-5 + 3 + -5 - 0).
6
Evaluate -4 + (0 + -2 - (4 - 8)).
-2
Evaluate (-2 - -1) + (-4 - 0).
-5
What is the value of (4 - 2) + 1 - 7?
-4
Calculate 6 + -2 + 3 + -4 + 4.
7
What is 1 - (-8 + 8 + 8)?
-7
-2 + -2 + (4 - 3)
-3
What is 1 - -7 - (17 - 12)?
3
What is the value of -9 + (0 - -8) + 1 + -4?
-4
Calculate 8 + -14 + -3 + 7 + 3.
1
6 - (7 + -9 + 6)
2
Evaluate -1 + 0 + -2 - 2.
-5
Calculate (20 - -2) + -12 + -11.
-1
What is the value of 2 + -4 + 4 + -4?
-2
What is the value of -1 + 6 - (8 + 4)?
-7
Calculate 1 - (13 + -12 + -8).
8
Calculate -9 - (1 - (-4 + 8)).
-6
What is -9 + 10 + 3 + -12?
-8
Calculate (1 - (-4 - -2 - -2)) + -4.
-3
-11 - (15 - (27 + 2))
3
Calculate -2 + -5 + 6 + -2.
-3
Calculate 1 - ((-2 - 3) + 1).
5
3 - ((-1 - 11) + 8)
7
What is -36 + 36 - (-1 + 1)?
0
Evaluate 0 + (2 - (4 + 3)) + 2.
-3
43 + -41 - (-1 + (2 - -3))
-2
Calculate -97 + 89 + (2 - -1).
-5
What is the value of (-11 - (-11 + 8)) + 0?
-8
(7 - 13) + (-4 - 0 - -6)
-4
21 - (16 - 3) - (0 + 8)
0
What is (-25 - -22) + (1 - (-1 + 3))?
-4
What is -2 + (-9 - (-5 - -2))?
-8
What is -4 + (10 - 17) + 1?
-10
Calculate 0 + -7 + -2 - (-5 + 2).
-6
Evaluate -5 - (-6 + 3 + -2).
0
What is the value of -2 - (-1 - 0) - (-73 + 73)?
-1
What is the value of 2 + 1 + -12 + 12 - 3?
0
5 - -2 - ((6 - -1) + 6)
-6
What is the value of -9 - (-2 + -6 - -6)?
-7
Calculate (-4 + 4 - 0) + 2.
2
Evaluate -5 - (-14 - (-4 - 5)).
0
Calculate -16 + 2 - -3 - (0 - 4).
-7
What is the value of (-5 - (-2 - -3)) + (9 - 7)?
-4
Calculate 2 - 0 - (1 - -1).
0
Calculate -12 - -8 - (-1 - (-4 - -5)).
-2
Evaluate (0 + (1 - 1) - 1) + 1.
0
What is -3 + -7 - (-7 + 2)?
-5
What is the value of -5 + 2 - (1 - (-1 + 3))?
-2
Evaluate (-3 - (7 - 10)) + -2 + 0.
-2
Evaluate -1 + -1 + 1 + -1.
-2
Calculate (3 - -3) + (-2 - 3).
1
What is the value of (3 - 4) + (1 - 4)?
-4
What is 8 - (2 + 4) - 5?
-3
0 + 2 + (-4 - -3)
1
(3 + 2 - (11 - 1)) + 0
-5
What is -6 + 3 - (9 + -11)?
-1
(1 - -2) + -5 + 7
5
What is -3 + (-11 - -8) - -5?
-1
What is 2 - (-6 + (0 - -4))?
4
What is 3 - (-1 + (3 - 4)) - 5?
0
Evaluate (13 - 16) + (7 - (-1 - 0)).
5
1 - ((-2 - -5) + 1 + -4)
1
4 - ((6 - -1) + -9)
6
1 + 9 + -9 + -1
0
Calculate 0 + (11 + -8 - (0 + 1)).
2
Calculate 1 + -1 + -8 + 32 + -26.
-2
Calculate -3 - (2 + 2 + -6).
-1
Calculate -5 - (12 - 21 - (2 + 2)).
8
What is (-3 - -2) + (5 - (-1 - -5))?
0
What is (6 - 0) + (-31 - -22)?
-3
Evaluate -19 + 19 + (-1 - 0).
-1
Calculate (-2 - -6) + -16 + 17.
5
-1 + 6 + -3 - (-1 + 8)
-5
3 + (2 - (2 + 2)) + -2
-1
Calculate 1 + (-3 - -3 - -2) + -8.
-5
(0 - 5) + (-32 - -35) - -8
6
11 + -19 - (-2 + 0 + -3)
-3
63 + -64 - (-1 - (0 - -1))
1
5 - (-7 - -4 - -10)
-2
Calculate (-2 - -4) + -2 + 0 + -2.
-2
What is -16 + 10 + 2 + -5 + 5?
-4
2 + 0 - (3 - -5 - 11)
5
What is the value of 1 - 4 - 2 - (-33 + 26)?
2
Calculate (-6 + -4 - -2) + 10 + -5.
-3
What is (7 - (14 + -1)) + 10?
4
What is -5 + -2 + 6 + 1?
0
6 - 1 - (2 - 9 - -13)
-1
Evaluate 1 + -6 + (3 - 5) + -1.
-8
Calculate -5 + 0 + 2 - -5.
2
What is the value of 0 + 0 - -1 - (127 - 131)?
5
What is the value of -5 + (8 - 5 - -5)?
3
What is 1 - 1 - (5 - (12 + -4))?
3
What is (8 + -2 - 2) + (6 - 6)?
4
Evaluate 4 + -9 - -9 - 1 - 8.
-5
-6 - -1 - (4 + 2 + -7)
-4
(-1 - -4 - 3) + 0 + -2
-2
What is the value of -5 + (1 - -2) + 1 + -4?
-5
What is -4 - (4 - (-2